+ 7. Let o be w(a). Let j = o + 3. What is the units digit of j?
5
Suppose 0 = -2*d - d. Suppose g + 3*g - 20 = d. What is the units digit of g?
5
Let i(k) = -4*k**3 + 5 + 4*k**3 - 7*k**2 + 7*k - 2*k**3 + 3*k**3. What is the units digit of i(6)?
1
Suppose 18*i = 7*i + 3795. What is the hundreds digit of i?
3
What is the tens digit of (3 - -54)*(-4)/(-6)?
3
Let v be (-1 - (0 - 1))/(-2). Let l(z) = -z**2 + z + 10. What is the tens digit of l(v)?
1
Suppose -2*i = 9 + 13. Let a = 4 - i. What is the tens digit of a?
1
Let g be 4*2/4 - 2. Suppose g = -s, -2*c + s + 14 = -0*c. What is the units digit of c?
7
Suppose -2*y - 5*l + 179 = y, -93 = -y + 5*l. What is the tens digit of y?
6
Suppose 53 = 3*v - 5*h - 37, -5*h - 55 = -2*v. What is the tens digit of v?
3
Suppose a = -3*a + 48. What is the units digit of a?
2
Let v be 1630/(-35) + 9/(-21). Let q = v + 83. What is the units digit of q?
6
Let v(j) = -4*j - 19 + 3*j - 6*j. Let f(z) = -11*z - 29. Let y(l) = 5*f(l) - 8*v(l). What is the units digit of y(5)?
2
Suppose i - 2*s + 4 = s, -4*i + 2*s = 6. Let v = 36 + i. What is the tens digit of v?
3
Let f(j) = -j**2 + 5*j. Let v be f(4). Suppose -4*a = c - 27, -5*a + 90 = v*c + c. What is the units digit of c?
5
Suppose 7*u - 3*u - 16 = -4*b, -u - 2*b = -3. Suppose -4*d = 0, 6*w - u = w + 4*d. What is the units digit of 0 - w/(-1 - 0)?
1
Suppose 5*g = -5*y + 965, -4*y - 3*g + 713 = -62. What is the hundreds digit of y?
1
Suppose 5*p - 25 + 0 = 0. Suppose 0 = -p*w + w + 84. What is the tens digit of w?
2
Suppose 2*t - 2*a - 3*a = -4, 4*t - 44 = -3*a. Suppose 4*z - 4*x + t = 0, -5*z - 2*x + 5*x - 2 = 0. What is the units digit of (4/(-10))/(z/(-30))?
6
Let x be (-4)/22 - (-24)/11. Suppose 2*c + 9 = 5*j, 0*c + 5*c = -x*j + 50. What is the units digit of 1/(1/c) - -2?
0
Suppose -3*t + 6*t = 81. Let a = t - 12. What is the units digit of a?
5
Suppose 5*a - 2*i + 0*i = 1144, -3*i = a - 222. What is the hundreds digit of a?
2
Let w(k) be the first derivative of k**3/3 + 5*k**2/2 - 5*k + 1. What is the units digit of w(-6)?
1
Let f = 24 + -4. Let y = -11 + f. Let u = y + -4. What is the units digit of u?
5
Let f(a) = 2*a**3 - 4*a**2 + 2*a + 2. Let x(k) = 8*k**2 + 8. Let l(s) = 7*s**2 + 7. Let v(w) = 7*l(w) - 6*x(w). Let n be v(-1). What is the units digit of f(n)?
6
Suppose 0 = -2*s + g - 4*g + 211, -2*g + 319 = 3*s. What is the units digit of s?
7
Let y be (-26)/(-10) - 6/(-15). Suppose -3*w + 6 = 0, -2*m + 3*w - 7 = -y*m. What is the units digit of m?
1
Let r = 115 + -66. What is the units digit of r?
9
Suppose 0 = 2*a - 17 - 123. Let x be a/6 + 1/3. What is the tens digit of 104/x*(-6)/(-4)?
1
Let b = 11 + -7. Let x be (-4 - -1)*b/(-3). Suppose -x*o + 35 = o. What is the units digit of o?
7
Suppose 4*w + 926 = 5*v - 4, -v = -2*w - 186. What is the units digit of v?
6
Suppose 0 = 7*k - 5*k - 428. What is the hundreds digit of k?
2
Let b(i) = i**3 + i**2 + 9. Suppose 5*m + a - 6 = -0*a, -3*a = -m + 14. Suppose 0*s + w = -s, 4*w = -m*s. What is the units digit of b(s)?
9
Let i(s) = 6*s - 4. What is the units digit of i(2)?
8
Let a(y) = -2*y + 6. What is the tens digit of a(-8)?
2
Suppose -8 = 2*f - 48. Suppose -f = -6*t + t. What is the units digit of t?
4
Suppose 0 = q - 0*q - 1. What is the units digit of 1 + -1 - (0 - q)?
1
Suppose 0 = -5*j + 4 + 6. What is the tens digit of 21 - (-1)/((-1)/j)?
1
Let k(q) be the second derivative of -q**5/20 + q**4/4 + q**3/3 + 3*q**2/2 + 4*q. What is the units digit of k(3)?
9
What is the units digit of -2 + -6*46/(-3)?
0
Let x(v) = v**3 + 4*v**2 - v - 4. Let c be x(-4). Suppose 2*m + 3*m - 15 = c. What is the units digit of 0 - m/(-3)*2?
2
What is the tens digit of (-512)/(-28) + (2 - 16/7)?
1
Suppose 2*c - 287 = -5*p - 0*p, -2*c - p = -291. What is the units digit of c?
6
Let m(g) = g - 4 + 0*g + 0 - 12*g. What is the units digit of m(-2)?
8
Let t(x) = 3*x**2 + 5*x**2 - x**3 + 1 + 3*x + x**3 - 2*x**3. Let r(p) = -3*p**3 + 9*p**2 + 3*p. Let j(w) = -3*r(w) + 4*t(w). What is the units digit of j(-4)?
8
Suppose 0 = -3*d - 3*b + 12, 5*d = 4*d - 5*b. Suppose 79 = 4*w + d*n, 4*w - 45 = n + 16. What is the tens digit of w?
1
Suppose 0 = -5*h - 2*b + 274, 209 = 4*h + 3*b + 2*b. Suppose 2*n + h = 6*n. What is the units digit of n?
4
Let c(q) = 7*q**2 - 2*q - 1. What is the tens digit of c(2)?
2
Let s = 17 + -15. Let f(j) = 20*j - 5. What is the units digit of f(s)?
5
Suppose -h + 5*y = 5, 3*h = 2*h + y + 7. Suppose 13*r - h*r = 108. What is the tens digit of r?
3
Let y(f) = f**2 + f - 2. Let d be y(2). Suppose -j - 4*j + d*o = -34, 3*j = -o + 34. Let a = -5 + j. What is the units digit of a?
5
Let a be 0*(-2)/(-4)*-2. Suppose 0 = -4*l - 4*t + 8, a*t - 12 = 4*t. Suppose l*n - 3*z + 6*z - 17 = 0, 3*z = -2*n + 14. What is the units digit of n?
1
Suppose 5*s + 38 = -22. Let h be (-147)/s + 1/(-4). Suppose 4*y = y + h. What is the units digit of y?
4
Let b(k) = k**2 - 4*k - 2. Let r be b(4). Let w = -7 - r. Let n(f) = f**2 + 3*f. What is the tens digit of n(w)?
1
Let m be (-41 - -6) + -1*1. Let x = 74 + m. Let t = -23 + x. What is the units digit of t?
5
Let u = 135 + 41. What is the hundreds digit of u?
1
What is the units digit of (-246)/(-9) + 5/(-15)?
7
What is the units digit of 1/((-1)/2) - -7?
5
Let h = -110 - -323. What is the tens digit of h?
1
Let l be (-3)/(-1)*(-4)/(-6). Suppose 0 = 2*z - 4*h - 32, -2*z + 5*h - l*h = -31. What is the tens digit of z?
1
Let i(s) = -s**3 - 2*s + 0*s**3 + 9*s - 3*s**2. Suppose -2*w + 35 = -5*u, 39 = -4*u + 5*w - 6. What is the units digit of i(u)?
5
Let v(d) = -6*d**3 + d**2 + 2*d - 1. Let b be v(2). Let s = 58 + b. What is the units digit of s?
7
Let r(g) = -g**3 + 3*g**2 + 4*g + 3. Suppose -p + 23 = 5*s, s + p = -s + 11. What is the units digit of r(s)?
3
Suppose 3*w - 4*u - 218 = 276, u = -5*w + 854. What is the units digit of w/8 + 1/(-4)?
1
Suppose 5*o = 92 + 118. Suppose -h + 2*w - 11 - 2 = 0, -o = 4*h + 2*w. Let g = -2 - h. What is the units digit of g?
9
Let q(c) = 0 - 3 - 2*c + c. Let d be q(-8). Suppose 4*j - 4*v + 5 = -11, -2*v + d = -5*j. What is the units digit of j?
1
Let d(t) = 31*t - 33. What is the units digit of d(3)?
0
Let k = 12 + -13. What is the units digit of (-2 - -19 - k) + 1?
9
Suppose -56 = -3*r - r. Suppose 0 = -2*m + r - 4. What is the units digit of m?
5
Suppose -4*a + 479 + 5 = 0. What is the units digit of a?
1
Let z = -2 + 2. Let c = 4 + z. What is the units digit of c?
4
What is the tens digit of (-178)/((0 + 3)/(-3))?
7
Let a = 4 - -6. Let v be (a/(-6))/((-1)/3). Suppose -15 + v = -2*d. What is the units digit of d?
5
Let j(n) = -3*n**2 + n. Let a be j(-1). Let p(m) = -m**2 + 5*m + 7. Let f be p(6). Let w = f - a. What is the units digit of w?
5
Let t be 3/(-1 + 11/8). Suppose 0 = w - 5*w - t. What is the units digit of (w + -1)/((-6)/16)?
8
Suppose t = -0 - 4. What is the units digit of 22/18 - t/(-18)?
1
Suppose 5*o - 4*b = 44, 27 = 4*o + 7*b - 2*b. What is the tens digit of o/12 + (-31)/(-3)?
1
Let n be (-10)/45 + (-20)/(-9). Suppose -8 = -2*k + 5*r + 23, 0 = k + n*r + 7. Suppose j - 67 = -4*t - 2*j, k*j = t + 2. What is the tens digit of t?
1
Suppose 2*l = 5*l - 84. Suppose -l = -0*z - 4*z. What is the units digit of z?
7
Suppose 2*u + 2*u = 4*v + 356, 2*v + 262 = 3*u. What is the units digit of u?
4
Let h(q) = -9*q**3 - q**2 + 4*q + 3. What is the units digit of h(-2)?
3
Let m be 3 - (-18)/(0 - 3). Let x(y) = -2*y**3 + 2*y - 3. What is the units digit of x(m)?
5
Suppose -l + 1 = 0, 5*j - 137 = l + 2*l. Let u = j + -40. Let p = -6 - u. What is the units digit of p?
6
Suppose z = -3*c + 104 - 20, 5*c + z - 142 = 0. What is the units digit of c?
9
Let q(h) = h - 3. Let z be 4*(-2 + 21/6). What is the units digit of q(z)?
3
Suppose -8*a + 1034 = 3*a. What is the tens digit of a?
9
Let r(p) be the first derivative of -p**3/3 + 7*p**2/2 - p + 1. Suppose -2*b + 3*u - 33 = -7*b, -u - 29 = -5*b. What is the units digit of r(b)?
5
Let l be (16/6 + -2)*-57. Let k be (-1)/(-4) - l/8. Suppose 0 = 3*g - 3*o - 27, -3*g = -k*g + 5*o + 33. What is the units digit of g?
4
Let j = 16 - -4. Suppose 0*c + 5*c = -5*z + j, 0 = -4*c - 2*z + 26. What is the units digit of c?
9
What is the units digit of (3 - -891)/6*1?
9
What is the tens digit of (3/(-6))/(5/(-770))?
7
Let i(